 the prime factors of 47803734.
2, 3, 11, 19, 97, 131
List the prime factors of 230238478.
2, 163, 706253
What are the prime factors of 51928841?
51928841
What are the prime factors of 9374618518?
2, 839, 5586781
List the prime factors of 55875175.
5, 17, 31, 4241
List the prime factors of 79435179.
3, 8826131
List the prime factors of 1443933659.
7, 206276237
What are the prime factors of 1453832900?
2, 5, 13, 599, 1867
List the prime factors of 376371242.
2, 13, 1297, 11161
List the prime factors of 15146915.
5, 7, 17, 25457
What are the prime factors of 864331823?
864331823
What are the prime factors of 133789374?
2, 3, 19, 130399
What are the prime factors of 32470920?
2, 3, 5, 90197
What are the prime factors of 1028975561?
1028975561
List the prime factors of 107377373.
107377373
List the prime factors of 55476560.
2, 5, 71, 9767
List the prime factors of 24958379.
31, 805109
List the prime factors of 37533876.
2, 3, 3127823
List the prime factors of 299288283.
3, 7, 14251823
List the prime factors of 257524633.
257524633
What are the prime factors of 72318279?
3, 11, 23, 151, 631
List the prime factors of 155213793.
3, 7, 19, 43223
List the prime factors of 28469538.
2, 3, 23, 68767
What are the prime factors of 796959398?
2, 398479699
What are the prime factors of 172064298?
2, 3, 7, 4096769
What are the prime factors of 134479495?
5, 26895899
What are the prime factors of 157610714?
2, 3671, 21467
What are the prime factors of 474638221?
19, 587, 42557
What are the prime factors of 2565013150?
2, 5, 7, 7328609
What are the prime factors of 158137566?
2, 3, 233, 113117
What are the prime factors of 59915585?
5, 11983117
What are the prime factors of 43479874?
2, 29, 749653
List the prime factors of 113869283.
11, 29, 491, 727
List the prime factors of 97740.
2, 3, 5, 181
List the prime factors of 2385755443.
31, 601, 128053
List the prime factors of 43193816.
2, 23, 234749
List the prime factors of 96991748.
2, 7, 359, 9649
What are the prime factors of 229634013?
3, 7, 3271, 3343
List the prime factors of 96368664.
2, 3, 7, 331, 1733
What are the prime factors of 308351974?
2, 7, 22025141
What are the prime factors of 745295?
5, 149059
List the prime factors of 118102905.
3, 5, 137, 19157
List the prime factors of 279938516.
2, 11, 13, 61, 71, 113
List the prime factors of 51977024.
2, 11, 17, 43, 101
List the prime factors of 249576059.
23, 29, 374177
List the prime factors of 6329777153.
7, 904253879
What are the prime factors of 18522746?
2, 11, 227, 3709
List the prime factors of 2513448129.
3, 837816043
List the prime factors of 6760225758.
2, 3, 11, 13, 7879051
What are the prime factors of 931714878?
2, 3, 53, 2929921
List the prime factors of 3370460761.
3370460761
List the prime factors of 3591876022.
2, 7, 2113, 121421
What are the prime factors of 172134713?
172134713
List the prime factors of 172790890.
2, 5, 17, 293, 3469
What are the prime factors of 18256973?
7, 2608139
What are the prime factors of 2471795671?
19, 23, 5656283
What are the prime factors of 3496036742?
2, 11, 158910761
List the prime factors of 1051342499.
1051342499
What are the prime factors of 335689833?
3, 111896611
What are the prime factors of 7090625?
5, 2269
What are the prime factors of 845557544?
2, 13, 8130361
What are the prime factors of 2818545583?
7, 17, 29, 173, 4721
List the prime factors of 1283140338.
2, 3, 19, 809, 13913
List the prime factors of 329399440.
2, 5, 281, 14653
What are the prime factors of 38567315?
5, 347, 22229
List the prime factors of 1419311614.
2, 7, 127, 798263
List the prime factors of 91283114.
2, 13, 3510889
List the prime factors of 72664572.
2, 3, 6055381
List the prime factors of 256785029.
256785029
What are the prime factors of 806236022?
2, 403118011
List the prime factors of 2106080004.
2, 3, 7, 19, 577, 2287
What are the prime factors of 200944515?
3, 5, 13396301
What are the prime factors of 20311760?
2, 5, 7, 19, 23, 83
List the prime factors of 46112676.
2, 3, 541, 7103
What are the prime factors of 30283511?
17, 19, 29, 53, 61
What are the prime factors of 1047402930?
2, 3, 5, 7, 19, 37501
List the prime factors of 39649763.
17, 2332339
List the prime factors of 20946990.
2, 3, 5, 29, 24077
What are the prime factors of 469187962?
2, 234593981
What are the prime factors of 72712507?
7, 163, 63727
What are the prime factors of 26815792?
2, 23, 72869
List the prime factors of 166411008.
2, 3, 72227
List the prime factors of 117817783.
547, 215389
List the prime factors of 17060874.
2, 3, 29, 71, 1381
List the prime factors of 220711782.
2, 3, 17, 1471
List the prime factors of 18756852.
2, 3, 29, 53899
What are the prime factors of 70324440?
2, 3, 5, 586037
List the prime factors of 4383941189.
37, 118484897
List the prime factors of 4028708474.
2, 7, 23, 487, 1117
List the prime factors of 5219785.
5, 907, 1151
List the prime factors of 162979441.
162979441
What are the prime factors of 408115071?
3, 7, 13, 61, 389
What are the prime factors of 1854699440?
2, 5, 11, 19, 110927
List the prime factors of 436229628.
2, 3, 36352469
List the prime factors of 1107867673.
11, 100715243
What are the prime factors of 150378979?
150378979
List the prime factors of 9708530.
2, 5, 13, 17, 23, 191
What are the prime factors of 31557101?
31, 53, 19207
List the prime factors of 5028210623.
5028210623
What are the prime factors of 1487156426?
2, 7, 251, 423209
What are the prime factors of 396593097?
3, 47, 2812717
List the prime factors of 509147108.
2, 59, 577, 3739
List the prime factors of 12420086.
2, 7, 37, 23977
What are the prime factors of 658084977?
3, 11, 17, 391019
What are the prime factors of 104892654?
2, 3, 19, 31, 67, 443
List the prime factors of 3201034596.
2, 3, 8329, 32027
List the prime factors of 744267170.
2, 5, 227, 327871
List the prime factors of 52917183.
3, 11, 41, 13037
What are the prime factors of 328543835?
5, 2281, 28807
List the prime factors of 46149332.
2, 67, 172199
What are the prime factors of 103408924?
2, 1231, 21001
List the prime factors of 12661376.
2, 7, 13, 1087
List the prime factors of 2090628925.
5, 7, 11, 98731
List the prime factors of 35710840.
2, 5, 11, 277, 293
What are the prime factors of 793738239?
3, 7, 3881, 9739
List the prime factors of 43151003.
7, 6164429
What are the prime factors of 3355423690?
2, 5, 335542369
What are the prime factors of 1787110331?
761, 2348371
List the prime factors of 167635786.
2, 31, 229, 11807
List the prime factors of 364780501.
223, 811, 2017
List the prime factors of 1267993041.
3, 7, 53, 162751
What are the prime factors of 37585605?
3, 5, 2505707
What are the prime factors of 11568303?
3, 29, 127, 349
What are the prime factors of 166425113?
29, 79, 72643
What are the prime factors of 2169426758?
2, 199, 5450821
What are the prime factors of 113951725?
5, 4558069
List the prime factors of 100223558.
2, 23, 31, 67, 1049
What are the prime factors of 1997531083?
1997531083
List the prime factors of 583150547.
7, 1187, 70183
What are the prime factors of 1715070854?
2, 7, 23, 760901
List the prime factors of 1329861483.
3, 1824227
What are the prime factors of 2436381448?
2, 304547681
List the prime factors of 25943762.
2, 13, 73, 13669
List the prime factors of 1362117228.
2, 3, 113509769
What are the prime factors of 28585231?
28585231
List the prime factors of 850959590.
2, 5, 13, 691, 9473
What are the prime factors of 98010206?
2, 7, 443, 15803
What are the prime factors of 166086900?
2, 3, 5, 7, 41, 643
What are the prime factors of 2098059815?
5, 421, 996703
List the prime factors of 3727021863.
3, 281, 4421141
What are the prime factors of 75596148?
2, 3, 2099893
What are the prime factors of 19860911?
7, 29, 227, 431
What are the prime factors of 1710838606?
2, 223, 797, 4813
What are the prime factors of 3471258507?
3, 1157086169
List the prime factors of 3399991967.
79, 6271, 6863
What are the prime factors of 32477254?
2, 61, 509, 523
List the prime factors of 567905069.
567905069
What are the prime factors of 735649908?
2, 3, 7, 17, 73, 7057
List the prime factors of 124904088.
2, 3, 61, 28439
What are the prime factors of 45386189?
29, 1565041
What are the prime factors of 10621715?
5, 13, 163411
List the 